mon divisor of 4004975 and 2600?
325
Calculate the greatest common factor of 4543 and 60327913.
59
Calculate the highest common divisor of 686209974 and 318.
318
What is the greatest common divisor of 3548997 and 22493?
83
What is the greatest common divisor of 28938508 and 12?
4
What is the greatest common divisor of 257 and 1134932303?
257
What is the highest common divisor of 600057560 and 3176?
3176
Calculate the highest common divisor of 327860240 and 50.
10
Calculate the greatest common factor of 189 and 46979373.
21
What is the highest common factor of 2001 and 1714719?
69
What is the greatest common factor of 7252 and 2938096?
1036
What is the highest common divisor of 389098422 and 744?
186
Calculate the highest common divisor of 172305154 and 2.
2
Calculate the highest common divisor of 117634 and 1177.
11
Calculate the highest common divisor of 8531 and 931893.
19
Calculate the greatest common divisor of 2513178 and 733822.
6494
Calculate the greatest common divisor of 25 and 83079775.
25
Calculate the greatest common divisor of 169494 and 3005418.
4134
Calculate the greatest common factor of 5032 and 2993411.
629
What is the greatest common factor of 1970555 and 9560?
1195
What is the highest common factor of 370 and 38370665?
185
What is the highest common factor of 154216 and 13024?
296
What is the highest common factor of 8554 and 109817474?
1222
Calculate the highest common divisor of 12863053 and 15211.
287
What is the greatest common factor of 549335087 and 266?
133
Calculate the greatest common divisor of 483 and 797937.
21
Calculate the greatest common factor of 81702 and 12923334.
4806
Calculate the greatest common factor of 11506728 and 1128.
1128
What is the greatest common divisor of 145676178 and 81?
27
What is the greatest common factor of 55012 and 11284741?
809
Calculate the greatest common divisor of 2341300 and 2200.
100
What is the highest common divisor of 4310860 and 1190?
170
Calculate the highest common factor of 53970 and 12452421.
771
Calculate the greatest common factor of 2 and 22785613.
1
What is the highest common divisor of 15521868 and 1944?
972
Calculate the highest common factor of 20169120 and 3360.
480
What is the greatest common divisor of 775 and 2511?
31
What is the greatest common factor of 13294 and 419917?
289
Calculate the highest common factor of 13 and 7549711.
13
What is the highest common factor of 30 and 220370415?
15
Calculate the greatest common divisor of 52932 and 7964.
44
Calculate the greatest common divisor of 3431638 and 2387.
217
Calculate the highest common factor of 417 and 11895898.
139
Calculate the greatest common factor of 38329946 and 3868.
1934
What is the greatest common divisor of 17875 and 427747125?
1625
What is the greatest common factor of 1376298805 and 148?
37
Calculate the greatest common factor of 266 and 6842038.
14
What is the highest common divisor of 557248 and 43683019?
8707
Calculate the highest common factor of 561417 and 12.
3
What is the highest common divisor of 1560 and 54400125?
195
Calculate the greatest common factor of 834132 and 54.
6
What is the highest common divisor of 944199 and 171?
9
Calculate the greatest common factor of 392274171 and 513.
513
Calculate the greatest common factor of 20333592 and 13608.
648
Calculate the greatest common factor of 150361805 and 440.
55
What is the greatest common divisor of 905404 and 19823?
461
What is the greatest common factor of 275 and 9738425?
25
Calculate the highest common divisor of 5533 and 98153.
11
Calculate the highest common factor of 8791 and 122403053.
149
Calculate the highest common divisor of 1609283 and 13.
13
Calculate the highest common factor of 994 and 796478.
142
Calculate the greatest common factor of 15349165 and 67873.
299
What is the greatest common divisor of 282200 and 48960?
680
What is the highest common factor of 23220 and 2030?
10
What is the greatest common divisor of 17155944 and 64896?
312
What is the highest common divisor of 52676 and 56213396?
4052
What is the greatest common divisor of 51219 and 10361414?
1897
Calculate the highest common factor of 32951 and 252403.
83
What is the greatest common divisor of 280749 and 1281858?
87
What is the greatest common factor of 9260 and 133140?
20
Calculate the greatest common divisor of 248 and 16298560.
248
What is the greatest common divisor of 7157580 and 528?
12
What is the highest common factor of 46119360 and 1120?
1120
What is the greatest common factor of 8231106 and 4602?
78
What is the greatest common factor of 31976 and 328657322?
7994
Calculate the greatest common divisor of 280 and 137515.
35
Calculate the greatest common factor of 217490 and 2725996.
182
What is the greatest common divisor of 54466132 and 7?
7
What is the greatest common divisor of 396 and 9446751?
9
Calculate the greatest common divisor of 340834 and 6682.
26
Calculate the highest common factor of 6594598 and 2.
2
What is the greatest common divisor of 538295 and 1420860?
995
What is the highest common divisor of 105 and 3787791?
21
What is the greatest common divisor of 305405600 and 1600?
800
Calculate the highest common divisor of 11295 and 19198488.
753
What is the highest common divisor of 443256 and 10272?
24
Calculate the greatest common factor of 22576323 and 833.
119
What is the highest common factor of 7825155 and 30?
15
What is the highest common factor of 3126900 and 12124?
28
Calculate the greatest common factor of 31583312 and 16.
16
What is the greatest common divisor of 15229 and 5499997?
97
What is the greatest common divisor of 7259 and 10527097?
119
What is the greatest common factor of 308011 and 100001?
11
Calculate the highest common factor of 25 and 58706600.
25
What is the highest common divisor of 84462 and 1302?
42
Calculate the greatest common factor of 133231 and 492139.
2719
What is the highest common divisor of 1189 and 22147052?
41
What is the highest common divisor of 22570616 and 64?
8
Calculate the greatest common factor of 1762882 and 44492.
454
Calculate the greatest common factor of 77749 and 237916.
203
Calculate the greatest common divisor of 302780290 and 3580.
1790
What is the highest common divisor of 8879900 and 150?
50
What is the greatest common divisor of 4533837 and 28875?
231
Calculate the greatest common divisor of 274 and 189341398.
274
Calculate the highest common divisor of 1128 and 142537464.
1128
Calculate the highest common divisor of 4423923 and 123347.
1841
Calculate the greatest common factor of 47570 and 3607510.
710
Calculate the greatest common factor of 14112 and 26509056.
672
Calculate the highest common divisor of 759832 and 361947.
2567
Calculate the highest common divisor of 59860 and 382735.
205
Calculate the greatest common divisor of 162 and 21450.
6
Calculate the greatest common factor of 16055835 and 105.
15
What is the highest common factor of 79125494 and 196?
98
What is the greatest common factor of 15384 and 3088338?
3846
Calculate the highest common divisor of 2197 and 1795287.
169
Calculate the highest common divisor of 792913832 and 508.
508
What is the highest common divisor of 2194 and 1469673937?
1097
What is the highest common divisor of 1086547 and 18128?
1133
Calculate the greatest common factor of 9804342 and 4998.
102
What is the highest common factor of 82 and 106584994?
82
Calculate the highest common divisor of 40285 and 56950329.
1151
Calculate the highest common factor of 358 and 272828399.
179
What is the highest common factor of 4938642 and 2610?
522
Calculate the greatest common factor of 370 and 11383975.
185
Calculate the greatest common divisor of 14 and 133747586.
14
What is the greatest common factor of 1843149 and 142107?
2121
Calculate the greatest common divisor of 326566 and 3761158.
538
Calculate the highest common factor of 3615 and 709035.
15
Calculate the greatest common divisor of 3585 and 104252517.
717
What is the highest common divisor of 17319 and 16560?
69
What is the greatest common divisor of 4 and 11006578?
2
Calculate the greatest common divisor of 1089842 and 1169.
167
Calculate the highest common divisor of 3645 and 41470866.
243
Calculate the highest common factor of 150 and 102847170.
30
Calculate the greatest common 